e 14) to base 13
21b0c7
26445634 (base 8) to base 7
101204316
-10000133203 (base 4) to base 13
-2aa270
Convert -1110101011100101011 (base 2) to base 13.
-13ac72
-2177da (base 14) to base 9
-2118628
Convert 507e4 (base 15) to base 2.
111110001111000010
2997103 (base 11) to base 9
10584212
What is 16352a5 (base 12) in base 6?
241305525
-1301223300 (base 4) to base 15
-92e83
What is 3242120 (base 8) in base 10?
869456
What is 2387831 (base 10) in base 8?
11067567
116420100 (base 7) to base 16
7066ad
34048 (base 13) to base 3
11210200011
What is -a654 (base 12) in base 9?
-26871
What is 6536466 (base 7) in base 12?
326776
7a447 (base 11) to base 2
11100011001101100
38a0811 (base 11) to base 5
3212003411
Convert -55434224 (base 6) to base 8.
-6273450
What is -13fab4 (base 16) in base 15?
-1ace5e
2365617 (base 8) to base 2
10011110101110001111
What is 1104432 (base 5) in base 13?
8a7a
What is -5578 (base 16) in base 10?
-21880
-9bd349 (base 14) to base 5
-2324034232
1111001021202 (base 3) to base 15
108858
Convert -2ad8a6 (base 14) to base 10.
-1497194
Convert 66264616 (base 7) to base 4.
111232311103
What is 19051 (base 14) in base 2?
1111011011001111
Convert -1147185 (base 9) to base 14.
-122963
212414 (base 5) to base 10
7234
Convert 24001 (base 11) to base 7.
202616
212232132110 (base 4) to base 6
1001331112
What is -680ff3 (base 16) in base 2?
-11010000000111111110011
What is -140220133 (base 5) in base 4?
-2231200030
-1105063 (base 7) to base 10
-136216
Convert -302a3a (base 12) to base 13.
-20404c
Convert -1793 (base 12) to base 6.
-21103
What is -1560a (base 11) in base 4?
-11120100
Convert -11011100111110111001101 (base 2) to base 5.
-3323204130
What is 106056 (base 13) in base 12?
166656
Convert 64604102 (base 7) to base 2.
10101000010001110000111
Convert -113721 (base 13) to base 4.
-1203201213
-244750 (base 9) to base 13
-523c8
Convert 112244231 (base 5) to base 6.
14525540
Convert 10553103 (base 6) to base 12.
138793
Convert 26062262 (base 8) to base 5.
2440333241
-2232201033 (base 4) to base 13
-1c04a0
Convert 255685 (base 10) to base 3.
110222201211
-2674801 (base 9) to base 8
-5460454
Convert 14500351 (base 7) to base 16.
150835
db4fb (base 16) to base 15
12b269
-1e0ef (base 16) to base 8
-360357
Convert 11001011100011 (base 3) to base 2.
1000001100100100000010
13121221 (base 5) to base 6
2435453
64dc85 (base 14) to base 5
1333344444
Convert -3440130 (base 6) to base 13.
-62334
-30302130020 (base 4) to base 12
-1158008
10302203123 (base 5) to base 2
101001110111100010110101
1935705 (base 10) to base 16
1d8959
Convert -2a3790 (base 13) to base 16.
-fcf37
Convert -1110011111101000001 (base 2) to base 13.
-138243
-59d285 (base 14) to base 13
-836ab3
-a775da (base 15) to base 8
-36324330
What is 3899a (base 11) in base 3?
2211111112
What is -2342517 (base 10) in base 3?
-11102000022220
Convert -8087ab (base 14) to base 13.
-b86105
6630342 (base 7) to base 12
333170
-1105434 (base 6) to base 9
-84334
-4510a (base 11) to base 2
-1111111101000110
75526 (base 9) to base 16
c351
Convert 7d038 (base 14) to base 15.
603de
Convert 353b0 (base 14) to base 4.
133222232
What is -220322011031 (base 4) in base 8?
-50720515
Convert -100000101111101111110001 (base 2) to base 11.
-4933468
241242010 (base 5) to base 3
2002211010111
What is 42193a6 (base 12) in base 3?
212110222012200
Convert -311111332 (base 4) to base 2.
-110101010101111110
What is -29aa205 (base 11) in base 9?
-10622863
What is -942253 (base 13) in base 8?
-15147111
13124415 (base 6) to base 4
1221102323
Convert 2c049 (base 13) to base 16.
1465b
71 (base 16) to base 14
81
-116435461 (base 7) to base 9
-14773531
69633 (base 12) to base 14
394a3
Convert ca062 (base 13) to base 11.
22a080
-76a8a6 (base 11) to base 4
-10230030131
Convert -203733 (base 8) to base 14.
-1a88b
Convert 3017602 (base 10) to base 16.
2e0b82
What is -112110330 (base 4) in base 8?
-262474
Convert -1c9e4 (base 15) to base 10.
-93364
Convert 32143542 (base 6) to base 5.
220300214
Convert -23837c (base 13) to base 4.
-3032221313
What is -404156 (base 8) in base 5?
-13230410
-6441a (base 14) to base 10
-242280
Convert -223530044 (base 6) to base 14.
-78abc8
176650 (base 8) to base 14
19944
Convert -150824 (base 10) to base 4.
-210310220
-248120 (base 14) to base 2
-100110001100010100000
Convert 1254420 (base 6) to base 4.
101001030
-2006537 (base 8) to base 14
-da459
What is -94c925 (base 14) in base 8?
-23135705
What is d83c7 (base 15) in base 6?
22411511
What is -104052565 (base 7) in base 2?
-10111110101011110111100
-d04ec (base 15) to base 4
-2200330233
-431617 (base 8) to base 11
-99436
What is 4536020 (base 10) in base 7?
53361356
ea73 (base 16) to base 12
2a897
36601221 (base 7) to base 13
8a9c51
What is 358b73a (base 12) in base 11?
5955783
What is -112430421 (base 5) in base 3?
-222010202001
What is 433469 (base 10) in base 11?
276743
-55341 (base 12) to base 4
-123202201
112252034 (base 6) to base 5
1012402400
What is -32a5a (base 12) in base 9?
-112127
-153993 (base 14) to base 11
-465aa4
Convert -112321013 (base 4) to base 15.
-1cbb2
What is -41260603 (base 7) in base 3?
-20111210102021
-144255 (base 10) to base 8
-431577
What is -663223 (base 7) in base 14?
-305ba
What is -2a65b4 (base 12) in base 4?
-2232313120
What is -113004030 (base 5) in base 3?
-222020000022
-403777 (base 8) to base 13
-4878c
1001001010100101 (base 2) to base 14
d977
23322202322 (base 4) to base 10
3123386
What is 975770 (base 11) in base 9?
2836235
10201012200 (base 3) to base 7
422661
-7a2d9 (base 14) to base 10
-296935
-50023504 (base 7) to base 4
-33232302103
1100010101100110 (base 2) to base 13
1a003
Convert -2176484 (base 10) to base 9.
-4076515
-1aa0a45 (base 11) to base 8
-15356014
What is -403045343 (base 6) in base 4?
-122023332333
What is -146422354 (base 7) in base 2?
-100101100001110011001001
a5296 (base 14) to base 7
3246346
-243220101 (base 5) to base 2
-100011000010011110111
Convert 1a0687 (base 11) to base 3.
120122212212
Convert -265aaa (base 13) to base 14.
-1a1a59
491a7a (base 13) to base 4
12222110201
What is 1666140 (base 10) in base 13?
4644a8
-24a5b (base 13) to base 5
-4131201
-a7260 (base 11) to base 16
-26183
What is -1222112122 (base 3) in base 11?
-27364
-8254642 (base 10) to base 4
-133133102302
50551650 (base 7) to base 11
24193a8
Convert -32424564 (base 7) to base 6.
-135324340
What is -102027561 (base 8) in base 10?
-17313649
Convert -1783880 (base 11) to base 12.
-101839b
Convert 196a37 (base 11) to base 2.
1001001101111101000
114862 (base 10) to base 3
12211120011
What is 200969 (base 10) in base 5?
22412334
Convert 30781 (base 16) to base 15.
3dc54
What is -2451031 (base 6) in base 16?
-2003b
1085457 (base 9) to base 13
1777cc
What is 996477 (base 11) in base 3?
2222202202211
Convert 217567 (base 12) to base 14.
db899
12202111002120 (base 3) to base 16
2eb2bb
Convert -4268a (base 13) to base 11.
-81a89
Convert 33011302 (base 4) to base 6.
1154054
What is -16767450 (base 8) in base 14?
-743608
What is 3705637 (base 8) in base 3?
1220202111201
13b3a1 (base 12) to base 15
67e51
Convert 1232243 (base 6) to base 3.
10101101200
What is -584222 (base 11) in base 14?
-1a227b
Convert 3455503 (base 6) to base 11.
11238a
-14503241 (base 6) to base 11
-316339
Convert 2323201221 (base 4) to base 3.
1110000122100
Convert 10002001231 (base 4) to base 8.
4020155
-a259d9 (base 14) to base 7
-64333462
22143210 (base 6) to base 13
1a46c9
What is 79526 (base 12) in base 5?
20131304
What is -2100120002 (base 3) in base 4?
-23103332
3267035 (base 12) to base 7
144350336
What is 560cc6 (base 15) in base 16?
3e9d57
What is -10668255 (base 9) in base 15?
-6c5918
243361 (base 10) to base 7
2032336
Convert 61354046 (base 7) to base 10.
5122739
101010011111010101000010 (base 2) to base 11
6318471
Convert -25254340 (base 6) to base 12.
-3343b0
Convert -158202 (base 13) to base 12.
-217a66
What is 1273997 (base 13) in base 16?
582896
-101100100111011000111 (base 2) to base 15
-1dd28e
Convert cc12 (base 15) to base 14.
11a6d
Convert -1100011000001110001 (base 2) to base 11.
-257823
What is 1209877 (base 10) in base 7?
13166224
What is 36961b (base 15) in base 12?
a60622
What is 131131113 (base 4) in base 5?
12330123
What is